base 12) to base 9.
-5
-10 (base 13) to base 15
-d
Convert -88 (base 16) to base 6.
-344
-27 (base 10) to base 3
-1000
Convert 75 (base 16) to base 10.
117
Convert 46 (base 14) to base 11.
57
What is -1 (base 9) in base 11?
-1
-5 (base 9) to base 15
-5
What is 15 (base 11) in base 7?
22
What is -21 (base 7) in base 16?
-f
Convert -11 (base 8) to base 10.
-9
-33 (base 9) to base 15
-20
c (base 14) to base 15
c
What is 15 (base 8) in base 10?
13
What is -63 (base 15) in base 7?
-162
What is -1100 (base 2) in base 4?
-30
-4 (base 15) to base 12
-4
What is 11 (base 10) in base 4?
23
What is -13 (base 4) in base 2?
-111
What is -7 (base 13) in base 6?
-11
What is -57 (base 16) in base 12?
-73
60 (base 8) to base 11
44
61 (base 12) to base 10
73
-7 (base 9) to base 16
-7
-251 (base 8) to base 3
-20021
Convert b (base 15) to base 14.
b
What is -5 (base 15) in base 7?
-5
Convert 1000 (base 2) to base 8.
10
Convert 0 (base 7) to base 5.
0
What is 4 (base 15) in base 2?
100
Convert 3 (base 14) to base 13.
3
What is -1 (base 15) in base 11?
-1
What is 21 (base 4) in base 15?
9
Convert -3 (base 7) to base 4.
-3
Convert 1 (base 13) to base 11.
1
Convert 1001 (base 3) to base 4.
130
What is 1 (base 15) in base 16?
1
43 (base 8) to base 12
2b
What is -231 (base 6) in base 3?
-10101
-127 (base 8) to base 13
-69
What is -14 (base 6) in base 15?
-a
Convert -3 (base 9) to base 5.
-3
What is 12 (base 3) in base 7?
5
What is 0 (base 4) in base 15?
0
Convert -2c (base 16) to base 10.
-44
212 (base 8) to base 11
116
Convert 223 (base 4) to base 11.
3a
Convert 3 (base 4) to base 9.
3
What is 3 (base 13) in base 12?
3
What is -222 (base 7) in base 12?
-96
What is 0 (base 9) in base 4?
0
What is -1 (base 10) in base 3?
-1
-5 (base 16) to base 3
-12
What is -76 (base 14) in base 10?
-104
Convert -3 (base 5) to base 8.
-3
What is -5 (base 10) in base 9?
-5
Convert 330 (base 4) to base 2.
111100
Convert 132 (base 6) to base 15.
3b
-112 (base 3) to base 12
-12
-c2 (base 15) to base 4
-2312
-112 (base 3) to base 7
-20
What is 34 (base 13) in base 16?
2b
What is 1 (base 12) in base 16?
1
Convert -5 (base 15) to base 13.
-5
Convert -13 (base 10) to base 9.
-14
What is 11 (base 4) in base 12?
5
22 (base 5) to base 8
14
What is -11 (base 2) in base 5?
-3
Convert -222 (base 3) to base 16.
-1a
1 (base 7) to base 5
1
Convert 2212 (base 3) to base 4.
1031
83 (base 9) to base 10
75
-15 (base 8) to base 6
-21
What is 126 (base 9) in base 3?
10220
1 (base 15) to base 2
1
-87 (base 9) to base 6
-211
Convert 1101100 (base 2) to base 15.
73
What is c (base 15) in base 14?
c
What is 4 (base 11) in base 13?
4
130 (base 8) to base 5
323
-7 (base 16) to base 11
-7
What is -3 (base 5) in base 10?
-3
What is -12020 (base 3) in base 5?
-1031
Convert 8 (base 11) to base 10.
8
Convert -3 (base 10) to base 11.
-3
Convert -1 (base 16) to base 3.
-1
What is -33 (base 9) in base 6?
-50
What is 0 (base 6) in base 10?
0
Convert -2 (base 3) to base 16.
-2
3 (base 4) to base 15
3
Convert 3 (base 14) to base 12.
3
What is 2 (base 13) in base 14?
2
Convert -21 (base 14) to base 12.
-25
What is -18 (base 13) in base 5?
-41
What is 21 (base 14) in base 10?
29
What is 11211 (base 3) in base 5?
1010
Convert 237 (base 11) to base 16.
11a
Convert -17 (base 13) to base 2.
-10100
Convert 4 (base 9) to base 5.
4
-30 (base 15) to base 2
-101101
What is -5 (base 12) in base 5?
-10
4 (base 9) to base 10
4
Convert -223 (base 7) to base 4.
-1303
a (base 11) to base 3
101
Convert -7 (base 8) to base 4.
-13
What is 0 (base 7) in base 15?
0
What is 4 (base 9) in base 3?
11
Convert -11 (base 3) to base 4.
-10
Convert -54 (base 7) to base 11.
-36
-222 (base 3) to base 9
-28
What is 3 (base 4) in base 7?
3
What is -2 (base 3) in base 13?
-2
10 (base 2) to base 10
2
What is -2 (base 10) in base 4?
-2
-10 (base 14) to base 13
-11
202 (base 6) to base 9
82
16 (base 14) to base 13
17
What is 234 (base 7) in base 2?
1111011
What is 8 (base 11) in base 8?
10
3 (base 14) to base 3
10
What is 14 (base 9) in base 12?
11
-113 (base 6) to base 12
-39
1 (base 13) to base 15
1
25 (base 13) to base 8
37
What is -2 (base 7) in base 6?
-2
What is -7 (base 10) in base 15?
-7
Convert -5 (base 10) to base 16.
-5
Convert -3 (base 16) to base 12.
-3
What is 6 (base 12) in base 6?
10
Convert 12 (base 10) to base 14.
c
What is d (base 16) in base 4?
31
What is 89 (base 14) in base 9?
144
Convert 120 (base 3) to base 11.
14
Convert -110101 (base 2) to base 8.
-65
11 (base 13) to base 10
14
-33 (base 9) to base 7
-42
Convert 242 (base 5) to base 14.
52
11300 (base 4) to base 15
198
What is 102 (base 3) in base 16?
b
Convert bb (base 15) to base 6.
452
Convert -13 (base 7) to base 9.
-11
What is 48 (base 15) in base 2?
1000100
What is 2 (base 9) in base 11?
2
Convert -134 (base 5) to base 8.
-54
Convert 6 (base 12) to base 13.
6
Convert -66 (base 7) to base 2.
-110000
Convert -2 (base 15) to base 9.
-2
What is 2d (base 14) in base 5?
131
184 (base 9) to base 3
12211
Convert 7 (base 10) to base 7.
10
What is 73 (base 10) in base 12?
61
What is -11021 (base 3) in base 12?
-97
What is 210 (base 7) in base 9?
126
-84 (base 12) to base 4
-1210
Convert -11 (base 4) to base 14.
-5
What is -4 (base 16) in base 2?
-100
Convert 20 (base 9) to base 10.
18
What is -22 (base 3) in base 15?
-8
What is 2 (base 7) in base 3?
2
-10 (base 3) to base 10
-3
Convert -35 (base 11) to base 15.
-28
What is 7 (base 10) in base 6?
11
Convert 10 (base 14) to base 11.
13
What is 4 (base 13) in base 6?
4
What is -1 (base 16) in base 7?
-1
What is -23 (base 6) in base 4?
-33
21 (base 7) to base 14
11
3 (base 16) to base 6
3
Convert -4 (base 5) to base 7.
-4
Convert 1003 (base 4) to base 14.
4b
What is 31 (base 8) in base 10?
25
Convert -4d (base 14) to base 4.
-1011
Convert 3 (base 8) to base 7.
3
-8 (base 12) to base 6
-12
What is -42 (base 6) in base 3?
-222
2 (base 8) to base 16
2
-1 (base 7) to base 15
-1
100100 (base 2) to base 10
36
Convert 4 (base 9) to base 11.
4
-9 (base 14) to base 2
-1001
Convert -323 (base 4) to base 3.
-2012
-a3 (base 12) to base 11
-102
2 (base 14) to base 9
2
What is 7 (base 15) in base 6?
11
What is -10 (base 3) in base 11?
-3
-104 (base 6) to base 9
-44
2c (base 13) to base 6
102
1 (base 9) to base 10
1
Convert -17 (base 14) to base 7.
-30
Convert 4 (base 14) to base 3.
11
What is 1 (base 16) in base 6?
1
2111 (base 4) to base 15
9e
Convert 4 (base 8) to base 14.
4
1a (base 13) to base 16
17
1 (base 11) to base 5
1
What is -118 (base 9) in base 2?
-1100010
What is -25 (base 8) in base 15?
-16
What is 5 (base 12) in base 13?
5
Convert -332 (base 7) to base 2.
-10101010
What is 2 (base 11) in base 5?
2
Convert 19 (base 14) to base 15.
18
144 (base 16) to base 8
504
a9 (base 16) to base 14
c1
11 (base 8) to base 13
9
3 (base 14) to base 2
11
10110010 (base 2) to base 12
12a
Convert 3 (base 9) to base 3.
10
What is 16 (base 7) in base 15?
d
-41 (base 8) to base 14
-25
What is -276 (base 9) in base 6?
-1023
1310 (base 4) to base 10
116
-5 (base 11) to base 12
-5
36 (base 8) to base 4
132
What is 3 (base 15) in base 14?
3
Convert -1 (base 7) to base 13.
-1
Convert 0 (base 7) to base 14.
0
2 (base 15) to base 10
2
Convert -1003 (base 5) to base 4.
-2000
3 (base 12) to base 15
3
Convert ad (base 16) to base 9.
212
-2 (base 12) to base 15
-2
-1 (base 3) to base 15
-1
Convert 422 (base 7) to base 10.
212
10000 (base 3) to base 12
69
-68 (base 14) to base 11
-84
Convert -12 (base 5) to base 14.
-7
-2 (base 16) to base 13
-2
12 (base 8) to base 4
22
-4 (base 5) to base 9
-4
What is -3 (base 12) in base 9?
-3
1 (base 6) to base 9
1
What is -4 (base 16) in base 2?
-100
What is 25 (base 8) in base 3?
210
What is 42 (base 6) in base 14?
1c
3 (base 14) to base 10
3
-8 (base 11) to base 16
-8
What is 11 (base 7) in base 16?
8
-3 (base 5) to base 14
-3
What is -2 (base 6) in base 2?
-10
What is 5 (base 14) in base 8?
5
What is 40 (base 7) in base 4?
130
Convert 95 (base 11) to base 3.
10212
What is 3 (base 13) in base 2?
11
e0 (base 15) to base 4
3102
-10020 (base 3) to base 13
-69
What is -38 (base 12) in base 13?
-35
Convert -400 (base 5) to base 14.
-72
Convert -123 (base 6) to base 16.
-33
Convert -2 (base 3) to base 16.
-2
Convert -17 (base 14) to base 10.